{"id":14716,"date":"2019-09-18T10:15:02","date_gmt":"2019-09-18T08:15:02","guid":{"rendered":"https:\/\/vlo.edu.pl\/starsze-aktualnosci\/wp-content\/uploads\/2019\/09\/Rozpocz\u0119cie_roku_2019_2020.jpg"},"modified":"2019-09-18T10:16:52","modified_gmt":"2019-09-18T08:16:52","slug":"rozpoczecie_roku_2019_2020","status":"inherit","type":"attachment","link":"https:\/\/vlo.edu.pl\/starsze-aktualnosci\/rozpoczecie_roku_2019_2020\/","title":{"rendered":"Rozpocz\u0119cie_roku_2019_2020"},"author":5,"featured_media":0,"comment_status":"closed","ping_status":"closed","template":"","meta":{"inline_featured_image":false,"ngg_post_thumbnail":0},"class_list":["post-14716","attachment","type-attachment","status-inherit","hentry","post"],"description":{"rendered":"<p class=\"attachment\"><a href='https:\/\/vlo.edu.pl\/starsze-aktualnosci\/wp-content\/uploads\/2019\/09\/Rozpocz\u0119cie_roku_2019_2020.jpg'><img loading=\"lazy\" decoding=\"async\" width=\"300\" height=\"225\" src=\"https:\/\/vlo.edu.pl\/starsze-aktualnosci\/wp-content\/uploads\/2019\/09\/Rozpocz\u0119cie_roku_2019_2020-300x225.jpg\" class=\"attachment-medium size-medium\" alt=\"\" srcset=\"https:\/\/vlo.edu.pl\/starsze-aktualnosci\/wp-content\/uploads\/2019\/09\/Rozpocz\u0119cie_roku_2019_2020-300x225.jpg 300w, https:\/\/vlo.edu.pl\/starsze-aktualnosci\/wp-content\/uploads\/2019\/09\/Rozpocz\u0119cie_roku_2019_2020-768x576.jpg 768w, https:\/\/vlo.edu.pl\/starsze-aktualnosci\/wp-content\/uploads\/2019\/09\/Rozpocz\u0119cie_roku_2019_2020-1024x768.jpg 1024w\" sizes=\"auto, (max-width: 300px) 100vw, 300px\" \/><\/a><\/p>\n<p>Rozpocz\u0119cie roku szkolnego. Zdj\u0119cie przedstawia ludzi w budynku szko\u0142y<\/p>\n"},"caption":{"rendered":"<p>Rozpocz\u0119cie roku szkolnego. Zdj\u0119cie przedstawia ludzi w budynku szko\u0142y<\/p>\n"},"alt_text":"","media_type":"image","mime_type":"image\/jpeg","media_details":{"width":3200,"height":2400,"file":"2019\/09\/Rozpocz\u0119cie_roku_2019_2020.jpg","sizes":{"thumbnail":{"file":"Rozpocz\u0119cie_roku_2019_2020-150x150.jpg","width":150,"height":150,"mime_type":"image\/jpeg","source_url":"https:\/\/vlo.edu.pl\/starsze-aktualnosci\/wp-content\/uploads\/2019\/09\/Rozpocz\u0119cie_roku_2019_2020-150x150.jpg"},"medium":{"file":"Rozpocz\u0119cie_roku_2019_2020-300x225.jpg","width":300,"height":225,"mime_type":"image\/jpeg","source_url":"https:\/\/vlo.edu.pl\/starsze-aktualnosci\/wp-content\/uploads\/2019\/09\/Rozpocz\u0119cie_roku_2019_2020-300x225.jpg"},"medium_large":{"file":"Rozpocz\u0119cie_roku_2019_2020-768x576.jpg","width":768,"height":576,"mime_type":"image\/jpeg","source_url":"https:\/\/vlo.edu.pl\/starsze-aktualnosci\/wp-content\/uploads\/2019\/09\/Rozpocz\u0119cie_roku_2019_2020-768x576.jpg"},"large":{"file":"Rozpocz\u0119cie_roku_2019_2020-1024x768.jpg","width":1024,"height":768,"mime_type":"image\/jpeg","source_url":"https:\/\/vlo.edu.pl\/starsze-aktualnosci\/wp-content\/uploads\/2019\/09\/Rozpocz\u0119cie_roku_2019_2020-1024x768.jpg"},"post-thumbnail":{"file":"Rozpocz\u0119cie_roku_2019_2020-720x380.jpg","width":720,"height":380,"mime_type":"image\/jpeg","source_url":"https:\/\/vlo.edu.pl\/starsze-aktualnosci\/wp-content\/uploads\/2019\/09\/Rozpocz\u0119cie_roku_2019_2020-720x380.jpg"},"vantage-thumbnail-no-sidebar":{"file":"Rozpocz\u0119cie_roku_2019_2020-1080x380.jpg","width":1080,"height":380,"mime_type":"image\/jpeg","source_url":"https:\/\/vlo.edu.pl\/starsze-aktualnosci\/wp-content\/uploads\/2019\/09\/Rozpocz\u0119cie_roku_2019_2020-1080x380.jpg"},"vantage-slide":{"file":"Rozpocz\u0119cie_roku_2019_2020-960x480.jpg","width":960,"height":480,"mime_type":"image\/jpeg","source_url":"https:\/\/vlo.edu.pl\/starsze-aktualnosci\/wp-content\/uploads\/2019\/09\/Rozpocz\u0119cie_roku_2019_2020-960x480.jpg"},"vantage-carousel":{"file":"Rozpocz\u0119cie_roku_2019_2020-272x182.jpg","width":272,"height":182,"mime_type":"image\/jpeg","source_url":"https:\/\/vlo.edu.pl\/starsze-aktualnosci\/wp-content\/uploads\/2019\/09\/Rozpocz\u0119cie_roku_2019_2020-272x182.jpg"},"vantage-grid-loop":{"file":"Rozpocz\u0119cie_roku_2019_2020-436x272.jpg","width":436,"height":272,"mime_type":"image\/jpeg","source_url":"https:\/\/vlo.edu.pl\/starsze-aktualnosci\/wp-content\/uploads\/2019\/09\/Rozpocz\u0119cie_roku_2019_2020-436x272.jpg"},"full":{"file":"Rozpocz\u0119cie_roku_2019_2020.jpg","width":3200,"height":2400,"mime_type":"image\/jpeg","source_url":"https:\/\/vlo.edu.pl\/starsze-aktualnosci\/wp-content\/uploads\/2019\/09\/Rozpocz\u0119cie_roku_2019_2020.jpg"}},"image_meta":{"aperture":"1.8","credit":"","camera":"Nokia 7.1","caption":"","created_timestamp":"1567419094","copyright":"","focal_length":"3.96","iso":"125","shutter_speed":"0.019","title":"","orientation":"1","keywords":[]}},"post":null,"source_url":"https:\/\/vlo.edu.pl\/starsze-aktualnosci\/wp-content\/uploads\/2019\/09\/Rozpocz\u0119cie_roku_2019_2020.jpg","_links":{"self":[{"href":"https:\/\/vlo.edu.pl\/starsze-aktualnosci\/wp-json\/wp\/v2\/media\/14716","targetHints":{"allow":["GET"]}}],"collection":[{"href":"https:\/\/vlo.edu.pl\/starsze-aktualnosci\/wp-json\/wp\/v2\/media"}],"about":[{"href":"https:\/\/vlo.edu.pl\/starsze-aktualnosci\/wp-json\/wp\/v2\/types\/attachment"}],"author":[{"embeddable":true,"href":"https:\/\/vlo.edu.pl\/starsze-aktualnosci\/wp-json\/wp\/v2\/users\/5"}],"replies":[{"embeddable":true,"href":"https:\/\/vlo.edu.pl\/starsze-aktualnosci\/wp-json\/wp\/v2\/comments?post=14716"}]}}

https://vlo.edu.pl/starsze-aktualnosci/wp-content/uploads/2019/09/Rozpoczęcie_roku_2019_2020.jpg

Rozpoczęcie_roku_2019_2020

<p class="attachment"><a href='https://vlo.edu.pl/starsze-aktualnosci/wp-content/uploads/2019/09/Rozpoczęcie_roku_2019_2020.jpg'><img loading="lazy" decoding="async" width="300" height="225" src="https://vlo.edu.pl/starsze-aktualnosci/wp-content/uploads/2019/09/Rozpoczęcie_roku_2019_2020-300x225.jpg" class="attachment-medium size-medium" alt="" srcset="https://vlo.edu.pl/starsze-aktualnosci/wp-content/uploads/2019/09/Rozpoczęcie_roku_2019_2020-300x225.jpg 300w, https://vlo.edu.pl/starsze-aktualnosci/wp-content/uploads/2019/09/Rozpoczęcie_roku_2019_2020-768x576.jpg 768w, https://vlo.edu.pl/starsze-aktualnosci/wp-content/uploads/2019/09/Rozpoczęcie_roku_2019_2020-1024x768.jpg 1024w" sizes="auto, (max-width: 300px) 100vw, 300px" /></a></p>
<p>Rozpoczęcie roku szkolnego. Zdjęcie przedstawia ludzi w budynku szkoły</p>

<p>Rozpoczęcie roku szkolnego. Zdjęcie przedstawia ludzi w budynku szkoły</p>

2019/09/Rozpoczęcie_roku_2019_2020.jpg

Rozpoczęcie_roku_2019_2020-150x150.jpg

https://vlo.edu.pl/starsze-aktualnosci/wp-content/uploads/2019/09/Rozpoczęcie_roku_2019_2020-150x150.jpg

Rozpoczęcie_roku_2019_2020-300x225.jpg

https://vlo.edu.pl/starsze-aktualnosci/wp-content/uploads/2019/09/Rozpoczęcie_roku_2019_2020-300x225.jpg

Rozpoczęcie_roku_2019_2020-768x576.jpg

https://vlo.edu.pl/starsze-aktualnosci/wp-content/uploads/2019/09/Rozpoczęcie_roku_2019_2020-768x576.jpg

Rozpoczęcie_roku_2019_2020-1024x768.jpg

https://vlo.edu.pl/starsze-aktualnosci/wp-content/uploads/2019/09/Rozpoczęcie_roku_2019_2020-1024x768.jpg

Rozpoczęcie_roku_2019_2020-720x380.jpg

https://vlo.edu.pl/starsze-aktualnosci/wp-content/uploads/2019/09/Rozpoczęcie_roku_2019_2020-720x380.jpg

Rozpoczęcie_roku_2019_2020-1080x380.jpg

https://vlo.edu.pl/starsze-aktualnosci/wp-content/uploads/2019/09/Rozpoczęcie_roku_2019_2020-1080x380.jpg

Rozpoczęcie_roku_2019_2020-960x480.jpg

https://vlo.edu.pl/starsze-aktualnosci/wp-content/uploads/2019/09/Rozpoczęcie_roku_2019_2020-960x480.jpg

Rozpoczęcie_roku_2019_2020-272x182.jpg

https://vlo.edu.pl/starsze-aktualnosci/wp-content/uploads/2019/09/Rozpoczęcie_roku_2019_2020-272x182.jpg

Rozpoczęcie_roku_2019_2020-436x272.jpg

https://vlo.edu.pl/starsze-aktualnosci/wp-content/uploads/2019/09/Rozpoczęcie_roku_2019_2020-436x272.jpg

Rozpoczęcie_roku_2019_2020.jpg
